{"id":31074,"date":"2021-05-27T17:38:28","date_gmt":"2021-05-27T15:38:28","guid":{"rendered":"https:\/\/finquespi.com\/propiedades\/local-de-23913m2-2-2\/"},"modified":"2025-07-14T18:32:56","modified_gmt":"2025-07-14T16:32:56","slug":"local-de-23913m2","status":"publish","type":"property","link":"https:\/\/finquespi.com\/ca\/propietats\/local-de-23913m2\/","title":{"rendered":"Local de 239,13m2"},"content":{"rendered":"\n<p>Local de 239,13m2 a bona zona amb molta visibilitat i f\u00e0cil acc\u00e9s. Situat a Carretera de Sant Cebri\u00e0 amb el carrer La Riera molt a prop del poble i l&#8217;escola. F\u00e0cil acc\u00e9s des de NII i C32 amb una \u00e0mplia zona d&#8217;aparcament p\u00fablic davant.<br>Fins fa poc ha estat funcionant com a restaurant.<\/p>\n","protected":false},"excerpt":{"rendered":"<p>Local de 239,13m2 a bona zona amb molta visibilitat i f\u00e0cil acc\u00e9s. Situat a Carretera de Sant Cebri\u00e0 amb el carrer La Riera molt a prop del poble i l&#8217;escola. F\u00e0cil acc\u00e9s des de NII i C32 amb una \u00e0mplia zona d&#8217;aparcament p\u00fablic davant.Fins fa poc ha estat funcionant com a restaurant.<\/p>\n","protected":false},"author":1,"featured_media":31075,"parent":0,"menu_order":0,"template":"","property_type":[302],"property_status":[300],"property_feature":[241,243,273,261,253],"property_label":[],"property_city":[316,312],"class_list":["post-31074","property","type-property","status-publish","has-post-thumbnail","hentry","property_type-locals-naus","property_status-compra","property_feature-aigua","property_feature-electricitat","property_feature-gas-ca","property_feature-orientacio-sud","property_feature-telefon","property_city-can-balmanya-ca","property_city-sant-pol-de-mar-ca"],"property_meta":{"_wpml_word_count":["48"],"fave_property_map":["1"],"fave_property_location":["25.68654,-80.431345,15"],"houzez_geolocation_lat":["25.68654","25.68654"],"houzez_geolocation_long":["-80.431345","-80.431345"],"fave_property_map_street_view":["hide"],"houzez_featured_listing_date":[""],"fave_loggedintoview":["0"],"fave_agent_display_option":["agent_info"],"fave_prop_homeslider":["no"],"fave_single_content_area":["global"],"rs_page_bg_color":[""],"houzez_manual_expire":["0"],"_houzez_expiration_date_status":["saved"],"_wpml_media_duplicate":["1"],"_wpml_media_featured":["1"],"_yoast_wpseo_content_score":["90"],"_yoast_wpseo_estimated-reading-time-minutes":["1"],"_wpml_location_migration_done":["1"],"_yoast_wpseo_primary_property_type":["302"],"fave_property_price":["450000"],"fave_property_size":["239,13m2"],"fave_property_bathrooms":["2"],"fave_property_id":["913"],"_yoast_wpseo_primary_property_status":["300"],"_yoast_wpseo_primary_property_feature":["243"],"_yoast_wpseo_primary_property_label":[""],"_yoast_wpseo_primary_property_country":["74"],"_yoast_wpseo_primary_property_state":["75"],"_yoast_wpseo_primary_property_city":["312"],"_yoast_wpseo_primary_property_area":["84"],"_wpml_media_has_media":["1"],"houzez_total_property_views":["1300"],"houzez_views_by_date":["a:61:{s:10:\"01-15-2026\";i:2;s:10:\"01-16-2026\";i:1;s:10:\"01-17-2026\";i:2;s:10:\"01-18-2026\";i:1;s:10:\"01-19-2026\";i:4;s:10:\"01-20-2026\";i:1;s:10:\"01-21-2026\";i:2;s:10:\"01-23-2026\";i:1;s:10:\"01-24-2026\";i:1;s:10:\"01-25-2026\";i:1;s:10:\"01-28-2026\";i:2;s:10:\"01-30-2026\";i:3;s:10:\"01-31-2026\";i:2;s:10:\"02-01-2026\";i:1;s:10:\"02-05-2026\";i:1;s:10:\"02-06-2026\";i:1;s:10:\"02-07-2026\";i:1;s:10:\"02-08-2026\";i:1;s:10:\"02-09-2026\";i:1;s:10:\"02-10-2026\";i:2;s:10:\"02-12-2026\";i:2;s:10:\"02-13-2026\";i:1;s:10:\"02-14-2026\";i:2;s:10:\"02-16-2026\";i:1;s:10:\"02-17-2026\";i:1;s:10:\"02-19-2026\";i:2;s:10:\"02-20-2026\";i:1;s:10:\"02-24-2026\";i:3;s:10:\"02-25-2026\";i:1;s:10:\"02-26-2026\";i:1;s:10:\"02-28-2026\";i:4;s:10:\"03-02-2026\";i:1;s:10:\"03-07-2026\";i:1;s:10:\"03-08-2026\";i:1;s:10:\"03-12-2026\";i:1;s:10:\"03-14-2026\";i:1;s:10:\"03-15-2026\";i:1;s:10:\"03-17-2026\";i:1;s:10:\"03-18-2026\";i:2;s:10:\"03-20-2026\";i:2;s:10:\"03-24-2026\";i:1;s:10:\"03-25-2026\";i:1;s:10:\"03-30-2026\";i:2;s:10:\"03-31-2026\";i:2;s:10:\"04-02-2026\";i:2;s:10:\"04-03-2026\";i:1;s:10:\"04-04-2026\";i:1;s:10:\"04-05-2026\";i:1;s:10:\"04-07-2026\";i:1;s:10:\"04-09-2026\";i:2;s:10:\"04-10-2026\";i:4;s:10:\"04-12-2026\";i:1;s:10:\"04-15-2026\";i:1;s:10:\"04-17-2026\";i:1;s:10:\"04-18-2026\";i:2;s:10:\"04-21-2026\";i:1;s:10:\"04-25-2026\";i:3;s:10:\"04-27-2026\";i:1;s:10:\"04-28-2026\";i:1;s:10:\"04-29-2026\";i:3;s:10:\"04-30-2026\";i:1;}"],"houzez_recently_viewed":["2026-04-30 13:42:20"],"_cmplz_scanned_post":["1"],"fave_show_price_placeholder":["0"],"_monsterinsights_sitenote_active":["0"],"_thumbnail_id":["31075"],"_edit_lock":["1752510786:1"],"_last_translation_edit_mode":["native-editor"],"_edit_last":["1"],"fave_featured":["0"],"fave_agents":["32801"],"fave_single_top_area":["global"],"fave_property_images":["32871","32873","32875","32877","32879","32881","32883","32885","32887","32889","32891","32893","32895","32897"],"_elementor_page_assets":["a:0:{}"]},"yoast_head":"<!-- This site is optimized with the Yoast SEO plugin v27.3 - https:\/\/yoast.com\/product\/yoast-seo-wordpress\/ -->\n<title>Finques Pi<\/title>\n<meta name=\"robots\" content=\"index, follow, max-snippet:-1, max-image-preview:large, max-video-preview:-1\" \/>\n<link rel=\"canonical\" href=\"https:\/\/finquespi.com\/ca\/propietats\/local-de-23913m2\/\" \/>\n<meta property=\"og:locale\" content=\"ca_ES\" \/>\n<meta property=\"og:type\" content=\"article\" \/>\n<meta property=\"og:title\" content=\"Local de 239,13m2 | Finques Pi\" \/>\n<meta property=\"og:description\" content=\"Local de 239,13m2 a bona zona amb molta visibilitat i f\u00e0cil acc\u00e9s. Situat a Carretera de Sant Cebri\u00e0 amb el carrer La Riera molt a prop del poble i l&#8217;escola. F\u00e0cil acc\u00e9s des de NII i C32 amb una \u00e0mplia zona d&#8217;aparcament p\u00fablic davant.Fins fa poc ha estat funcionant com a restaurant.\" \/>\n<meta property=\"og:url\" content=\"https:\/\/finquespi.com\/ca\/propietats\/local-de-23913m2\/\" \/>\n<meta property=\"og:site_name\" content=\"Finques Pi\" \/>\n<meta property=\"article:modified_time\" content=\"2025-07-14T16:32:56+00:00\" \/>\n<meta property=\"og:image\" content=\"https:\/\/finquespi.com\/wp-content\/uploads\/2025\/03\/913-1.jpg\" \/>\n\t<meta property=\"og:image:width\" content=\"1080\" \/>\n\t<meta property=\"og:image:height\" content=\"720\" \/>\n\t<meta property=\"og:image:type\" content=\"image\/jpeg\" \/>\n<meta name=\"twitter:card\" content=\"summary_large_image\" \/>\n<meta name=\"twitter:label1\" content=\"Temps estimat de lectura\" \/>\n\t<meta name=\"twitter:data1\" content=\"1 minut\" \/>\n<script type=\"application\/ld+json\" class=\"yoast-schema-graph\">{\"@context\":\"https:\\\/\\\/schema.org\",\"@graph\":[{\"@type\":\"WebPage\",\"@id\":\"https:\\\/\\\/finquespi.com\\\/ca\\\/propietats\\\/local-de-23913m2\\\/\",\"url\":\"https:\\\/\\\/finquespi.com\\\/ca\\\/propietats\\\/local-de-23913m2\\\/\",\"name\":\"Local de 239,13m2 | Finques Pi\",\"isPartOf\":{\"@id\":\"https:\\\/\\\/finquespi.com\\\/ca\\\/#website\"},\"primaryImageOfPage\":{\"@id\":\"https:\\\/\\\/finquespi.com\\\/ca\\\/propietats\\\/local-de-23913m2\\\/#primaryimage\"},\"image\":{\"@id\":\"https:\\\/\\\/finquespi.com\\\/ca\\\/propietats\\\/local-de-23913m2\\\/#primaryimage\"},\"thumbnailUrl\":\"https:\\\/\\\/finquespi.com\\\/wp-content\\\/uploads\\\/2025\\\/03\\\/913-1.jpg\",\"datePublished\":\"2021-05-27T15:38:28+00:00\",\"dateModified\":\"2025-07-14T16:32:56+00:00\",\"breadcrumb\":{\"@id\":\"https:\\\/\\\/finquespi.com\\\/ca\\\/propietats\\\/local-de-23913m2\\\/#breadcrumb\"},\"inLanguage\":\"ca\",\"potentialAction\":[{\"@type\":\"ReadAction\",\"target\":[\"https:\\\/\\\/finquespi.com\\\/ca\\\/propietats\\\/local-de-23913m2\\\/\"]}]},{\"@type\":\"ImageObject\",\"inLanguage\":\"ca\",\"@id\":\"https:\\\/\\\/finquespi.com\\\/ca\\\/propietats\\\/local-de-23913m2\\\/#primaryimage\",\"url\":\"https:\\\/\\\/finquespi.com\\\/wp-content\\\/uploads\\\/2025\\\/03\\\/913-1.jpg\",\"contentUrl\":\"https:\\\/\\\/finquespi.com\\\/wp-content\\\/uploads\\\/2025\\\/03\\\/913-1.jpg\",\"width\":1080,\"height\":720},{\"@type\":\"BreadcrumbList\",\"@id\":\"https:\\\/\\\/finquespi.com\\\/ca\\\/propietats\\\/local-de-23913m2\\\/#breadcrumb\",\"itemListElement\":[{\"@type\":\"ListItem\",\"position\":1,\"name\":\"Llar\",\"item\":\"https:\\\/\\\/finquespi.com\\\/ca\\\/\"},{\"@type\":\"ListItem\",\"position\":2,\"name\":\"Properties\",\"item\":\"https:\\\/\\\/finquespi.com\\\/ca\\\/propietats\\\/\"},{\"@type\":\"ListItem\",\"position\":3,\"name\":\"Local de 239,13m2\"}]},{\"@type\":\"WebSite\",\"@id\":\"https:\\\/\\\/finquespi.com\\\/ca\\\/#website\",\"url\":\"https:\\\/\\\/finquespi.com\\\/ca\\\/\",\"name\":\"Finques Pi\",\"description\":\"\",\"potentialAction\":[{\"@type\":\"SearchAction\",\"target\":{\"@type\":\"EntryPoint\",\"urlTemplate\":\"https:\\\/\\\/finquespi.com\\\/ca\\\/?s={search_term_string}\"},\"query-input\":{\"@type\":\"PropertyValueSpecification\",\"valueRequired\":true,\"valueName\":\"search_term_string\"}}],\"inLanguage\":\"ca\"}]}<\/script>\n<!-- \/ Yoast SEO plugin. -->","yoast_head_json":{"title":"Finques Pi","robots":{"index":"index","follow":"follow","max-snippet":"max-snippet:-1","max-image-preview":"max-image-preview:large","max-video-preview":"max-video-preview:-1"},"canonical":"https:\/\/finquespi.com\/ca\/propietats\/local-de-23913m2\/","og_locale":"ca_ES","og_type":"article","og_title":"Local de 239,13m2 | Finques Pi","og_description":"Local de 239,13m2 a bona zona amb molta visibilitat i f\u00e0cil acc\u00e9s. Situat a Carretera de Sant Cebri\u00e0 amb el carrer La Riera molt a prop del poble i l&#8217;escola. F\u00e0cil acc\u00e9s des de NII i C32 amb una \u00e0mplia zona d&#8217;aparcament p\u00fablic davant.Fins fa poc ha estat funcionant com a restaurant.","og_url":"https:\/\/finquespi.com\/ca\/propietats\/local-de-23913m2\/","og_site_name":"Finques Pi","article_modified_time":"2025-07-14T16:32:56+00:00","og_image":[{"width":1080,"height":720,"url":"https:\/\/finquespi.com\/wp-content\/uploads\/2025\/03\/913-1.jpg","type":"image\/jpeg"}],"twitter_card":"summary_large_image","twitter_misc":{"Temps estimat de lectura":"1 minut"},"schema":{"@context":"https:\/\/schema.org","@graph":[{"@type":"WebPage","@id":"https:\/\/finquespi.com\/ca\/propietats\/local-de-23913m2\/","url":"https:\/\/finquespi.com\/ca\/propietats\/local-de-23913m2\/","name":"Local de 239,13m2 | Finques Pi","isPartOf":{"@id":"https:\/\/finquespi.com\/ca\/#website"},"primaryImageOfPage":{"@id":"https:\/\/finquespi.com\/ca\/propietats\/local-de-23913m2\/#primaryimage"},"image":{"@id":"https:\/\/finquespi.com\/ca\/propietats\/local-de-23913m2\/#primaryimage"},"thumbnailUrl":"https:\/\/finquespi.com\/wp-content\/uploads\/2025\/03\/913-1.jpg","datePublished":"2021-05-27T15:38:28+00:00","dateModified":"2025-07-14T16:32:56+00:00","breadcrumb":{"@id":"https:\/\/finquespi.com\/ca\/propietats\/local-de-23913m2\/#breadcrumb"},"inLanguage":"ca","potentialAction":[{"@type":"ReadAction","target":["https:\/\/finquespi.com\/ca\/propietats\/local-de-23913m2\/"]}]},{"@type":"ImageObject","inLanguage":"ca","@id":"https:\/\/finquespi.com\/ca\/propietats\/local-de-23913m2\/#primaryimage","url":"https:\/\/finquespi.com\/wp-content\/uploads\/2025\/03\/913-1.jpg","contentUrl":"https:\/\/finquespi.com\/wp-content\/uploads\/2025\/03\/913-1.jpg","width":1080,"height":720},{"@type":"BreadcrumbList","@id":"https:\/\/finquespi.com\/ca\/propietats\/local-de-23913m2\/#breadcrumb","itemListElement":[{"@type":"ListItem","position":1,"name":"Llar","item":"https:\/\/finquespi.com\/ca\/"},{"@type":"ListItem","position":2,"name":"Properties","item":"https:\/\/finquespi.com\/ca\/propietats\/"},{"@type":"ListItem","position":3,"name":"Local de 239,13m2"}]},{"@type":"WebSite","@id":"https:\/\/finquespi.com\/ca\/#website","url":"https:\/\/finquespi.com\/ca\/","name":"Finques Pi","description":"","potentialAction":[{"@type":"SearchAction","target":{"@type":"EntryPoint","urlTemplate":"https:\/\/finquespi.com\/ca\/?s={search_term_string}"},"query-input":{"@type":"PropertyValueSpecification","valueRequired":true,"valueName":"search_term_string"}}],"inLanguage":"ca"}]}},"_links":{"self":[{"href":"https:\/\/finquespi.com\/ca\/wp-json\/wp\/v2\/properties\/31074","targetHints":{"allow":["GET"]}}],"collection":[{"href":"https:\/\/finquespi.com\/ca\/wp-json\/wp\/v2\/properties"}],"about":[{"href":"https:\/\/finquespi.com\/ca\/wp-json\/wp\/v2\/types\/property"}],"author":[{"embeddable":true,"href":"https:\/\/finquespi.com\/ca\/wp-json\/wp\/v2\/users\/1"}],"version-history":[{"count":1,"href":"https:\/\/finquespi.com\/ca\/wp-json\/wp\/v2\/properties\/31074\/revisions"}],"predecessor-version":[{"id":31960,"href":"https:\/\/finquespi.com\/ca\/wp-json\/wp\/v2\/properties\/31074\/revisions\/31960"}],"wp:featuredmedia":[{"embeddable":true,"href":"https:\/\/finquespi.com\/ca\/wp-json\/wp\/v2\/media\/31075"}],"wp:attachment":[{"href":"https:\/\/finquespi.com\/ca\/wp-json\/wp\/v2\/media?parent=31074"}],"wp:term":[{"taxonomy":"property_type","embeddable":true,"href":"https:\/\/finquespi.com\/ca\/wp-json\/wp\/v2\/property_type?post=31074"},{"taxonomy":"property_status","embeddable":true,"href":"https:\/\/finquespi.com\/ca\/wp-json\/wp\/v2\/property_status?post=31074"},{"taxonomy":"property_feature","embeddable":true,"href":"https:\/\/finquespi.com\/ca\/wp-json\/wp\/v2\/property_feature?post=31074"},{"taxonomy":"property_label","embeddable":true,"href":"https:\/\/finquespi.com\/ca\/wp-json\/wp\/v2\/property_label?post=31074"},{"taxonomy":"property_city","embeddable":true,"href":"https:\/\/finquespi.com\/ca\/wp-json\/wp\/v2\/property_city?post=31074"}],"curies":[{"name":"wp","href":"https:\/\/api.w.org\/{rel}","templated":true}]}}

<p>Local de 239,13m2 a bona zona amb molta visibilitat i fàcil accés. Situat a Carretera de Sant Cebrià amb el carrer La Riera molt a prop del poble i l&#8217;escola. Fàcil accés des de NII i C32 amb una àmplia zona d&#8217;aparcament públic davant.<br>Fins fa poc ha estat funcionant com a restaurant.</p>

<p>Local de 239,13m2 a bona zona amb molta visibilitat i fàcil accés. Situat a Carretera de Sant Cebrià amb el carrer La Riera molt a prop del poble i l&#8217;escola. Fàcil accés des de NII i C32 amb una àmplia zona d&#8217;aparcament públic davant.Fins fa poc ha estat funcionant com a restaurant.</p>

<!-- This site is optimized with the Yoast SEO plugin v27.3 - https://yoast.com/product/yoast-seo-wordpress/ -->
<title>Finques Pi</title>
<meta name="robots" content="index, follow, max-snippet:-1, max-image-preview:large, max-video-preview:-1" />
<link rel="canonical" href="https://finquespi.com/ca/propietats/local-de-23913m2/" />
<meta property="og:locale" content="ca_ES" />
<meta property="og:type" content="article" />
<meta property="og:title" content="Local de 239,13m2 | Finques Pi" />
<meta property="og:description" content="Local de 239,13m2 a bona zona amb molta visibilitat i fàcil accés. Situat a Carretera de Sant Cebrià amb el carrer La Riera molt a prop del poble i l&#8217;escola. Fàcil accés des de NII i C32 amb una àmplia zona d&#8217;aparcament públic davant.Fins fa poc ha estat funcionant com a restaurant." />
<meta property="og:url" content="https://finquespi.com/ca/propietats/local-de-23913m2/" />
<meta property="og:site_name" content="Finques Pi" />
<meta property="article:modified_time" content="2025-07-14T16:32:56+00:00" />
<meta property="og:image" content="https://finquespi.com/wp-content/uploads/2025/03/913-1.jpg" />
	<meta property="og:image:width" content="1080" />
	<meta property="og:image:height" content="720" />
	<meta property="og:image:type" content="image/jpeg" />
<meta name="twitter:card" content="summary_large_image" />
<meta name="twitter:label1" content="Temps estimat de lectura" />
	<meta name="twitter:data1" content="1 minut" />
<script type="application/ld+json" class="yoast-schema-graph">{"@context":"https:\/\/schema.org","@graph":[{"@type":"WebPage","@id":"https:\/\/finquespi.com\/ca\/propietats\/local-de-23913m2\/","url":"https:\/\/finquespi.com\/ca\/propietats\/local-de-23913m2\/","name":"Local de 239,13m2 | Finques Pi","isPartOf":{"@id":"https:\/\/finquespi.com\/ca\/#website"},"primaryImageOfPage":{"@id":"https:\/\/finquespi.com\/ca\/propietats\/local-de-23913m2\/#primaryimage"},"image":{"@id":"https:\/\/finquespi.com\/ca\/propietats\/local-de-23913m2\/#primaryimage"},"thumbnailUrl":"https:\/\/finquespi.com\/wp-content\/uploads\/2025\/03\/913-1.jpg","datePublished":"2021-05-27T15:38:28+00:00","dateModified":"2025-07-14T16:32:56+00:00","breadcrumb":{"@id":"https:\/\/finquespi.com\/ca\/propietats\/local-de-23913m2\/#breadcrumb"},"inLanguage":"ca","potentialAction":[{"@type":"ReadAction","target":["https:\/\/finquespi.com\/ca\/propietats\/local-de-23913m2\/"]}]},{"@type":"ImageObject","inLanguage":"ca","@id":"https:\/\/finquespi.com\/ca\/propietats\/local-de-23913m2\/#primaryimage","url":"https:\/\/finquespi.com\/wp-content\/uploads\/2025\/03\/913-1.jpg","contentUrl":"https:\/\/finquespi.com\/wp-content\/uploads\/2025\/03\/913-1.jpg","width":1080,"height":720},{"@type":"BreadcrumbList","@id":"https:\/\/finquespi.com\/ca\/propietats\/local-de-23913m2\/#breadcrumb","itemListElement":[{"@type":"ListItem","position":1,"name":"Llar","item":"https:\/\/finquespi.com\/ca\/"},{"@type":"ListItem","position":2,"name":"Properties","item":"https:\/\/finquespi.com\/ca\/propietats\/"},{"@type":"ListItem","position":3,"name":"Local de 239,13m2"}]},{"@type":"WebSite","@id":"https:\/\/finquespi.com\/ca\/#website","url":"https:\/\/finquespi.com\/ca\/","name":"Finques Pi","description":"","potentialAction":[{"@type":"SearchAction","target":{"@type":"EntryPoint","urlTemplate":"https:\/\/finquespi.com\/ca\/?s={search_term_string}"},"query-input":{"@type":"PropertyValueSpecification","valueRequired":true,"valueName":"search_term_string"}}],"inLanguage":"ca"}]}</script>
<!-- / Yoast SEO plugin. -->

Local de 239,13m2 a bona zona amb molta visibilitat i fàcil accés. Situat a Carretera de Sant Cebrià amb el carrer La Riera molt a prop del poble i l&#8217;escola. Fàcil accés des de NII i C32 amb una àmplia zona d&#8217;aparcament públic davant.Fins fa poc ha estat funcionant com a restaurant.
